 by 5093393.
607
What is the remainder when 17526 is divided by 70?
26
What is the remainder when 34460527 is divided by 4058?
4049
Calculate the remainder when 31505 is divided by 1370.
1365
What is the remainder when 384415525 is divided by 43?
40
Calculate the remainder when 34364 is divided by 2839.
296
What is the remainder when 129136 is divided by 6149?
7
Calculate the remainder when 2381762 is divided by 6.
2
Calculate the remainder when 9918 is divided by 1280.
958
Calculate the remainder when 118747 is divided by 4726.
597
What is the remainder when 285197 is divided by 140?
17
Calculate the remainder when 678591 is divided by 135489.
1146
What is the remainder when 32823 is divided by 14347?
4129
Calculate the remainder when 6643973 is divided by 53.
52
What is the remainder when 427829139 is divided by 4251?
4248
Calculate the remainder when 2480653 is divided by 433.
429
What is the remainder when 3114875 is divided by 3604?
1019
What is the remainder when 6488433 is divided by 387?
378
What is the remainder when 150167185 is divided by 243?
232
Calculate the remainder when 656180 is divided by 82021.
12
Calculate the remainder when 3919509 is divided by 1760.
1749
What is the remainder when 413460 is divided by 2617?
2591
Calculate the remainder when 3225867 is divided by 538.
19
Calculate the remainder when 79280 is divided by 4953.
32
Calculate the remainder when 2915065 is divided by 182187.
73
Calculate the remainder when 268681 is divided by 619.
35
What is the remainder when 192511 is divided by 189463?
3048
What is the remainder when 31014736 is divided by 44055?
16
Calculate the remainder when 52038 is divided by 10308.
498
Calculate the remainder when 177230 is divided by 8438.
32
Calculate the remainder when 5818 is divided by 629.
157
What is the remainder when 3308341 is divided by 3308289?
52
What is the remainder when 170478 is divided by 1004?
802
Calculate the remainder when 273042 is divided by 210.
42
What is the remainder when 1428614 is divided by 3554?
3460
Calculate the remainder when 58639947 is divided by 17.
11
Calculate the remainder when 7302765 is divided by 3651381.
3
Calculate the remainder when 221321769 is divided by 17.
10
Calculate the remainder when 128181 is divided by 7312.
3877
What is the remainder when 40076 is divided by 2216?
188
What is the remainder when 3216845 is divided by 643366?
15
What is the remainder when 168147 is divided by 2072?
315
Calculate the remainder when 344633951 is divided by 91173.
11
What is the remainder when 6286043 is divided by 571455?
38
Calculate the remainder when 131949 is divided by 550.
499
Calculate the remainder when 358047 is divided by 6070.
5987
What is the remainder when 238693901 is divided by 817?
815
What is the remainder when 18157811 is divided by 1688?
1683
Calculate the remainder when 14320 is divided by 6885.
550
What is the remainder when 704885 is divided by 1167?
17
Calculate the remainder when 574706 is divided by 2092.
1498
Calculate the remainder when 257272 is divided by 128353.
566
What is the remainder when 5766272 is divided by 1922070?
62
What is the remainder when 69125 is divided by 34345?
435
What is the remainder when 3322345 is divided by 2304?
2281
What is the remainder when 218786 is divided by 21837?
416
Calculate the remainder when 2775107166 is divided by 2372.
2370
What is the remainder when 33140599 is divided by 11046862?
13
Calculate the remainder when 271954 is divided by 19.
7
What is the remainder when 23640626 is divided by 5988?
2
What is the remainder when 995473 is divided by 820?
813
What is the remainder when 37617457 is divided by 18808720?
17
What is the remainder when 3052457 is divided by 755?
747
What is the remainder when 1008211 is divided by 418?
413
Calculate the remainder when 116808 is divided by 29176.
104
What is the remainder when 3171645 is divided by 792572?
1357
What is the remainder when 42632 is divided by 9868?
3160
Calculate the remainder when 49269695 is divided by 8.
7
What is the remainder when 1777481 is divided by 36972?
2825
Calculate the remainder when 9061615 is divided by 2075.
90
Calculate the remainder when 1272300 is divided by 560.
540
What is the remainder when 1150741 is divided by 1147521?
3220
Calculate the remainder when 12445075 is divided by 4203.
4195
What is the remainder when 202513819 is divided by 10?
9
Calculate the remainder when 16810629 is divided by 190.
189
What is the remainder when 616056 is divided by 616051?
5
What is the remainder when 106505 is divided by 1620?
1205
Calculate the remainder when 68761 is divided by 9794.
203
What is the remainder when 346560 is divided by 310?
290
What is the remainder when 892407 is divided by 178480?
7
What is the remainder when 65569680 is divided by 596088?
0
Calculate the remainder when 10073759 is divided by 2031.
2030
What is the remainder when 15914004 is divided by 723363?
18
What is the remainder when 160713 is divided by 22820?
973
Calculate the remainder when 67144 is divided by 41.
27
Calculate the remainder when 46810 is divided by 72.
10
Calculate the remainder when 55405 is divided by 1913.
1841
What is the remainder when 140947620 is divided by 45190?
10
Calculate the remainder when 31270 is divided by 30164.
1106
What is the remainder when 6363591 is divided by 142?
3
Calculate the remainder when 50089 is divided by 7597.
4507
What is the remainder when 49921 is divided by 23831?
2259
Calculate the remainder when 50760 is divided by 9286.
4330
What is the remainder when 19222822 is divided by 134?
120
What is the remainder when 11440 is divided by 11269?
171
Calculate the remainder when 57138 is divided by 4437.
3894
What is the remainder when 330762 is divided by 165377?
8
Calculate the remainder when 1902857 is divided by 35238.
5
Calculate the remainder when 305320 is divided by 554.
66
Calculate the remainder when 6694586 is divided by 142438.
0
What is the remainder when 11436949 is divided by 571841?
129
What is the remainder when 274056 is divided by 137020?
16
Calculate the remainder when 1444 is divided by 543.
358
What is the remainder when 3758293 is divided by 1223?
14
Calculate the remainder when 173670 is divided by 1018.
610
What is the remainder when 443301 is divided by 221633?
35
What is the remainder when 8720787 is divided by 114747?
15
Calculate the remainder when 1014142 is divided by 2548.
38
Calculate the remainder when 3812256 is divided by 1906014.
228
Calculate the remainder when 398796 is divided by 56519.
3163
What is the remainder when 62316 is divided by 10287?
594
Calculate the remainder when 19551732 is divided by 147005.
67
Calculate the remainder when 27874758 is divided by 7082.
6
What is the remainder when 13514410 is divided by 32?
10
What is the remainder when 2021711 is divided by 88?
87
Calculate the remainder when 2131646 is divided by 1065805.
36
Calculate the remainder when 119729 is divided by 29880.
209
What is the remainder when 1720187 is divided by 4?
3
Calculate the remainder when 3671562 is divided by 10314.
10092
Calculate the remainder when 21244099 is divided by 21244038.
61
Calculate the remainder when 5745958 is divided by 559.
556
What is the remainder when 436191 is divided by 460?
111
Calculate the remainder when 1577422 is divided by 108.
82
Calculate the remainder when 154626 is divided by 23.
20
What is the remainder when 135866 is divided by 480?
26
Calculate the remainder when 427729153 is divided by 142576381.
10
Calculate the remainder when 9064 is divided by 8789.
275
Calculate the remainder when 15371503 is divided by 385.
378
Calculate the remainder when 117382915 is divided by 365.
10
Calculate the remainder when 2779374 is divided by 155.
69
Calculate the remainder when 133120 is divided by 15702.
7504
Calculate the remainder when 283712 is divided by 141401.
910
What is the remainder when 1023904 is divided by 906?
124
Calculate the remainder when 120279166 is divided by 40093053.
7
What is the remainder when 138052 is divided by 4947?
4483
Calculate the remainder when 1188909 is divided by 949.
761
Calculate the remainder when 35514016 is divided by 240.
16
What is the remainder when 78671 is divided by 165?
131
Calculate th